{"id":14,"date":"2018-04-10T08:55:07","date_gmt":"2018-04-10T06:55:07","guid":{"rendered":"https:\/\/yellowgray.pl\/clients\/kizukmichalska\/?page_id=14"},"modified":"2022-03-15T12:24:14","modified_gmt":"2022-03-15T11:24:14","slug":"restructuring","status":"publish","type":"page","link":"https:\/\/fundacjapelnaciepla.org\/doradztwo\/restrukturyzacje\/","title":{"rendered":"Restructuring","raw":"Restructuring"},"content":{"rendered":"","protected":false,"raw":""},"excerpt":{"rendered":"","protected":false,"raw":""},"author":1,"featured_media":0,"parent":10,"menu_order":0,"comment_status":"closed","ping_status":"closed","template":"","meta":{"_pl_post_content":"<span style=\"font-weight: 400;\">Restrukturyzacje - pomagamy wyj\u015b\u0107 z k\u0142opot\u00f3w wdra\u017caj\u0105c procedury restrukturyzacyjne; opracowujemy \u015bcie\u017ck\u0119 wyj\u015bcia z trudno\u015bci, stosujemy systemy naprawcze.<\/span>\r\n<ul>\r\n \t<li style=\"font-weight: 400;\"><span style=\"font-weight: 400;\">restrukturyzacja w ramach analizy ekonomicznej przedsi\u0119biorstwa,<\/span><\/li>\r\n \t<li style=\"font-weight: 400;\"><span style=\"font-weight: 400;\">restrukturyzacje s\u0105dowe w ramach ustawy Prawo Restrukturyzacyjne,<\/span><\/li>\r\n \t<li style=\"font-weight: 400;\"><span style=\"font-weight: 400;\">wdra\u017canie system\u00f3w naprawczych prawno-ksi\u0119gowych.<\/span><\/li>\r\n<\/ul>","_pl_post_name":"restrukturyzacje","_pl_post_excerpt":"","_pl_post_title":"Restrukturyzacje","_en_post_content":"","_en_post_name":"restructuring","_en_post_excerpt":"","_en_post_title":"Restructuring","edit_language":"en"},"_links":{"self":[{"href":"https:\/\/fundacjapelnaciepla.org\/wp-json\/wp\/v2\/pages\/14"}],"collection":[{"href":"https:\/\/fundacjapelnaciepla.org\/wp-json\/wp\/v2\/pages"}],"about":[{"href":"https:\/\/fundacjapelnaciepla.org\/wp-json\/wp\/v2\/types\/page"}],"author":[{"embeddable":true,"href":"https:\/\/fundacjapelnaciepla.org\/wp-json\/wp\/v2\/users\/1"}],"replies":[{"embeddable":true,"href":"https:\/\/fundacjapelnaciepla.org\/wp-json\/wp\/v2\/comments?post=14"}],"version-history":[{"count":3,"href":"https:\/\/fundacjapelnaciepla.org\/wp-json\/wp\/v2\/pages\/14\/revisions"}],"predecessor-version":[{"id":175,"href":"https:\/\/fundacjapelnaciepla.org\/wp-json\/wp\/v2\/pages\/14\/revisions\/175"}],"up":[{"embeddable":true,"href":"https:\/\/fundacjapelnaciepla.org\/wp-json\/wp\/v2\/pages\/10"}],"wp:attachment":[{"href":"https:\/\/fundacjapelnaciepla.org\/wp-json\/wp\/v2\/media?parent=14"}],"curies":[{"name":"wp","href":"https:\/\/api.w.org\/{rel}","templated":true}]}}

<span style="font-weight: 400;">Restrukturyzacje - pomagamy wyjść z kłopotów wdrażając procedury restrukturyzacyjne; opracowujemy ścieżkę wyjścia z trudności, stosujemy systemy naprawcze.</span>
<ul>
 	<li style="font-weight: 400;"><span style="font-weight: 400;">restrukturyzacja w ramach analizy ekonomicznej przedsiębiorstwa,</span></li>
 	<li style="font-weight: 400;"><span style="font-weight: 400;">restrukturyzacje sądowe w ramach ustawy Prawo Restrukturyzacyjne,</span></li>
 	<li style="font-weight: 400;"><span style="font-weight: 400;">wdrażanie systemów naprawczych prawno-księgowych.</span></li>
</ul>
